{"id":124,"date":"2019-10-07T20:06:09","date_gmt":"2019-10-07T18:06:09","guid":{"rendered":"https:\/\/www.rasquinet.org\/w\/?page_id=124"},"modified":"2019-11-18T23:32:12","modified_gmt":"2019-11-18T22:32:12","slug":"partenariat","status":"publish","type":"page","link":"https:\/\/www.rasquinet.org\/w\/partenariat\/","title":{"rendered":"Partenariat"},"content":{"rendered":"\n<p>L\u2019asbl s\u2019inscrit dans un dispositif local&nbsp;: <\/p>\n\n\n\n<div style=\"height:53px\" aria-hidden=\"true\" class=\"wp-block-spacer\"><\/div>\n\n\n\n<h3 class=\"wp-block-heading\"><strong>La D+ (discrimination positive de Schaerbeek\/Saint- Josse)<\/strong><\/h3>\n\n\n\n<p>Gr\u00e2ce \u00e0 ce partenariat, Rasquinet entretient des contacts r\u00e9guliers avec plusieurs directions d\u2019\u00e9coles, avec les centres PMS, avec les professeurs mais \u00e9galement avec l\u2019ensemble du personnel encadrant comme les logop\u00e8des et les m\u00e9diateurs. Ces derniers constituent v\u00e9ritablement notre lien avec les \u00e9coles&nbsp;: notre association b\u00e9n\u00e9ficie de la pr\u00e9sence de 4 ACS &nbsp;(2 biblioth\u00e9caires, une logop\u00e8de ainsi qu\u2019une psychomotricienne) de la D+ de Schaerbeek. Ceux-ci assurent une aide \u00e0 l\u2019Ecole de devoirs, trois \u00e0 quatre jours par semaine. Lors des inscriptions \u00e0 l\u2019EDD, nous nous effor\u00e7ons de r\u00e9server des places pour les enfants faisant l\u2019objet de demandes appuy\u00e9es par les \u00e9coles et les centres PMS. La prise en charge des enfants en devient ainsi plus globale pour chacun des intervenants.<\/p>\n\n\n\n<p>Notre association est une maille du tissu associatif de Schaerbeek-Saint-Josse. Les projets cr\u00e9atifs des vacances scolaires, de m\u00eame que les projets d\u2019envergure tels que la Zinneke Parade ou les f\u00eates de quartier g\u00e9n\u00e8rent des partenariats avec les associations ou avec des artistes. Ces rencontres permettent \u00e0 notre public d\u2019\u00e9largir son horizon <\/p>\n\n\n\n<p>Notre association fait \u00e9galement partie de diff\u00e9rentes coordinations. Nous sommes membres du BADJE, de la F\u00e9d\u00e9ration Pluraliste des Centres d\u2019Expression et de Cr\u00e9ativit\u00e9 et de la Coordination des Ecoles de Devoirs de Bruxelles.<\/p>\n\n\n\n<div style=\"height:100px\" aria-hidden=\"true\" class=\"wp-block-spacer\"><\/div>\n","protected":false},"excerpt":{"rendered":"<p>L\u2019asbl s\u2019inscrit dans un dispositif local&nbsp;: La D+ (discrimination positive de Schaerbeek\/Saint- Josse) Gr\u00e2ce \u00e0 ce partenariat, Rasquinet entretient des contacts r\u00e9guliers avec plusieurs directions d\u2019\u00e9coles, avec les centres PMS, avec les professeurs mais \u00e9galement avec l\u2019ensemble du personnel encadrant comme les logop\u00e8des et les m\u00e9diateurs. Ces derniers constituent v\u00e9ritablement &#8230;<\/p>\n","protected":false},"author":2,"featured_media":0,"parent":0,"menu_order":0,"comment_status":"closed","ping_status":"closed","template":"","meta":{"footnotes":""},"class_list":["post-124","page","type-page","status-publish","hentry","column","threecol"],"_links":{"self":[{"href":"https:\/\/www.rasquinet.org\/w\/wp-json\/wp\/v2\/pages\/124","targetHints":{"allow":["GET"]}}],"collection":[{"href":"https:\/\/www.rasquinet.org\/w\/wp-json\/wp\/v2\/pages"}],"about":[{"href":"https:\/\/www.rasquinet.org\/w\/wp-json\/wp\/v2\/types\/page"}],"author":[{"embeddable":true,"href":"https:\/\/www.rasquinet.org\/w\/wp-json\/wp\/v2\/users\/2"}],"replies":[{"embeddable":true,"href":"https:\/\/www.rasquinet.org\/w\/wp-json\/wp\/v2\/comments?post=124"}],"version-history":[{"count":3,"href":"https:\/\/www.rasquinet.org\/w\/wp-json\/wp\/v2\/pages\/124\/revisions"}],"predecessor-version":[{"id":506,"href":"https:\/\/www.rasquinet.org\/w\/wp-json\/wp\/v2\/pages\/124\/revisions\/506"}],"wp:attachment":[{"href":"https:\/\/www.rasquinet.org\/w\/wp-json\/wp\/v2\/media?parent=124"}],"curies":[{"name":"wp","href":"https:\/\/api.w.org\/{rel}","templated":true}]}}