{"id":126,"date":"2019-10-07T20:06:25","date_gmt":"2019-10-07T18:06:25","guid":{"rendered":"https:\/\/www.rasquinet.org\/w\/?page_id=126"},"modified":"2025-06-15T11:47:21","modified_gmt":"2025-06-15T09:47:21","slug":"recrutement","status":"publish","type":"page","link":"https:\/\/www.rasquinet.org\/w\/recrutement\/","title":{"rendered":"Recrutement"},"content":{"rendered":"\n<div style=\"height:44px\" aria-hidden=\"true\" class=\"wp-block-spacer\"><\/div>\n\n\n\n<p><\/p>\n\n\n\n<p><strong>UN POSTE D&#8217;ANIMATEUR \/ ANIMATRICE<\/strong><\/p>\n\n\n\n<p><a href=\"https:\/\/www.rasquinet.org\/w\/wp-content\/uploads\/2025\/06\/2025-06_Animateur.pdf\" data-type=\"link\" data-id=\"https:\/\/www.rasquinet.org\/w\/wp-content\/uploads\/2025\/06\/2025-06_Animateur.pdf\" target=\"_blank\" rel=\"noreferrer noopener\">Plus d&#8217;infos sur ce poste en cliquant ici<\/a><\/p>\n\n\n\n<p>Si ce job te parle et que tu veux rejoindre l\u2019\u00e9quipe, envoie ton CV et ta lettre de motivation \u00e0<br><strong>secretariat@rasquinet.org<\/strong> , avant le 14 juillet 2025. Mets \u00ab Animateur artistique \u00bb dans<br>l&#8217;objet de ton e-mail.<\/p>\n\n\n\n<div style=\"height:65px\" aria-hidden=\"true\" class=\"wp-block-spacer\"><\/div>\n\n\n\n<p><strong>VOLONTAIRES BENEVOLES<\/strong><\/p>\n\n\n\n<p>Pour aider les enfants \u00e0 faire leurs devoirs<\/p>\n\n\n\n<p>Plus de renseignements au &nbsp;02\/245.74.34.<\/p>\n\n\n\n<p>ou par e-mail \u00e0 <strong>secretariat@rasquinet.org<\/strong><\/p>\n\n\n\n<div style=\"height:83px\" aria-hidden=\"true\" class=\"wp-block-spacer\"><\/div>\n\n\n\n<p><a rel=\"noreferrer noopener\" aria-label=\"Cliquez pour regarder une petite vid\u00e9o expliquant ce qu'est une \u00e9cole de devoir  (opens in a new tab)\" href=\"http:\/\/www.airdefamilles.be\/ecoles-de-devoirs-quels-volontaires-adf560\/#.XaXSsEYza1s\" target=\"_blank\">Cliquez pour plus d&#8217;explications sur le volontariat dans une \u00e9cole de devoir avec le site airdefamilles.be <\/a><\/p>\n\n\n\n<p>Vous pouvez aussi regarder des t\u00e9moignages vid\u00e9os de b\u00e9n\u00e9voles de notre asbl en \u00e9cole de devoir : <\/p>\n\n\n\n<ul class=\"wp-block-list\">\n<li><a aria-label=\"T\u00e9moignagnes de Claire et Christiane (s\u2019ouvre dans un nouvel onglet)\" href=\"https:\/\/vimeo.com\/490720101\" target=\"_blank\" rel=\"noreferrer noopener\">T\u00e9moignagnes de Claire et de Christiane<\/a><\/li>\n<\/ul>\n\n\n\n<ul class=\"wp-block-list\">\n<li><a aria-label=\"T\u00e9moignage d'Edith (s\u2019ouvre dans un nouvel onglet)\" href=\"https:\/\/vimeo.com\/490722629\" target=\"_blank\" rel=\"noreferrer noopener\">T\u00e9moignage d&#8217;Edith<\/a><\/li>\n<\/ul>\n","protected":false},"excerpt":{"rendered":"<p>UN POSTE D&#8217;ANIMATEUR \/ ANIMATRICE Plus d&#8217;infos sur ce poste en cliquant ici Si ce job te parle et que tu veux rejoindre l\u2019\u00e9quipe, envoie ton CV et ta lettre de motivation \u00e0secretariat@rasquinet.org , avant le 14 juillet 2025. Mets \u00ab Animateur artistique \u00bb dansl&#8217;objet de ton e-mail. VOLONTAIRES BENEVOLES &#8230;<\/p>\n","protected":false},"author":2,"featured_media":0,"parent":0,"menu_order":0,"comment_status":"closed","ping_status":"closed","template":"","meta":{"footnotes":""},"class_list":["post-126","page","type-page","status-publish","hentry","column","threecol"],"_links":{"self":[{"href":"https:\/\/www.rasquinet.org\/w\/wp-json\/wp\/v2\/pages\/126","targetHints":{"allow":["GET"]}}],"collection":[{"href":"https:\/\/www.rasquinet.org\/w\/wp-json\/wp\/v2\/pages"}],"about":[{"href":"https:\/\/www.rasquinet.org\/w\/wp-json\/wp\/v2\/types\/page"}],"author":[{"embeddable":true,"href":"https:\/\/www.rasquinet.org\/w\/wp-json\/wp\/v2\/users\/2"}],"replies":[{"embeddable":true,"href":"https:\/\/www.rasquinet.org\/w\/wp-json\/wp\/v2\/comments?post=126"}],"version-history":[{"count":13,"href":"https:\/\/www.rasquinet.org\/w\/wp-json\/wp\/v2\/pages\/126\/revisions"}],"predecessor-version":[{"id":1209,"href":"https:\/\/www.rasquinet.org\/w\/wp-json\/wp\/v2\/pages\/126\/revisions\/1209"}],"wp:attachment":[{"href":"https:\/\/www.rasquinet.org\/w\/wp-json\/wp\/v2\/media?parent=126"}],"curies":[{"name":"wp","href":"https:\/\/api.w.org\/{rel}","templated":true}]}}